divided by x?
10
Calculate the remainder when 32 is divided by (-2)/5 - (-7)/((-105)/(-171)).
10
Suppose -2*v = -v + 14. What is the remainder when 161 is divided by 1/2 - 567/v?
38
Suppose -3*a - j + 55 = 0, -3*j = 5*a - 7*j - 69. Suppose 5*v + z - 28 = -z, 0 = 4*v + z - 23. Let d = v - -61. What is the remainder when d is divided by a?
16
Suppose o - 4*r - 15 = 19, 4*r - 76 = -4*o. Calculate the remainder when o is divided by 6.
4
Suppose -4*c - a - 127 = -9*c, -54 = -2*c + 2*a. Calculate the remainder when 47 is divided by c.
22
Let b be -10*(-1 + (-1)/5). Suppose -2*v = 2*y - 10, -4*v + y - 1 - 4 = 0. Suppose 0 = x - v - b. What is the remainder when x is divided by 7?
5
Let b = 7 - -2. Suppose -2*m + 56 = 2*m. What is the remainder when m is divided by b?
5
Suppose -3*x + 44 = -t, -28 = -2*x - 3*t + 5*t. What is the remainder when x is divided by 3?
0
Let i(m) = 0*m - 2 + 0*m + m - 2. Let l be i(6). Suppose 5 = l*j + 1. Calculate the remainder when 4 is divided by j.
0
Let c be ((-6)/18)/((-2)/30). Suppose c*y - 155 + 45 = 0. Suppose -v = -4*v + 18. Calculate the remainder when y is divided by v.
4
What is the remainder when (-1582)/(-28) + (-15)/(-10) is divided by 17?
7
Suppose 7*v - 202 - 1 = 0. Calculate the remainder when 139 is divided by v.
23
Let b(v) = -3*v + 8. What is the remainder when 47 is divided by b(0)?
7
Let o = -30 + 39. Let y = 4 - o. What is the remainder when 15 is divided by 0 - y/(15/24)?
7
Suppose -3*g - 2*z = -19, -z - 16 = -2*g - 3*z. Suppose -2*p + 29 = 3*v, -3*p - g*v = -0*v - 42. Calculate the remainder when 64 is divided by p.
12
Suppose a - 22 = -2*u, -4*u = 3*a - 9*u - 11. Calculate the remainder when 33 is divided by a.
9
What is the remainder when 128 is divided by (-78)/9*(-9)/6?
11
Let b = 18 - 25. Let n = b + 81. Let l = 33 + -8. Calculate the remainder when n is divided by l.
24
Let p = 10 - -16. Suppose -h + 2*u + 15 = -0*u, -2*h + 27 = -3*u. What is the remainder when p is divided by h?
8
Suppose -x - 10 = 30. Let s = x - -52. Calculate the remainder when s is divided by 7.
5
Suppose h - 5 = -2. Let s(u) be the second derivative of -u**4/12 + 2*u**3/3 + u. What is the remainder when s(3) is divided by h?
0
Suppose 1 = i - 34. Let y = i + -26. Calculate the remainder when y is divided by 5.
4
Let j = -133 - -64. Let m = j + 92. What is the remainder when 75 is divided by m?
6
Suppose 2*u + 7 + 7 = -4*l, 4*u + 4*l + 12 = 0. What is the remainder when 43 is divided by (18 + 3)*u + -4?
9
Let d = 27 + 87. Calculate the remainder when ((-20)/10)/((-2)/d) is divided by 39.
36
Suppose -4*v + 33 = 105. Let f = v - -38. What is the remainder when 37 is divided by f?
17
Suppose -3*p + 4*y + 30 = -p, 0 = 5*p - 2*y - 75. Suppose 0 = 3*n - n - 8, -3*n = r - 36. Calculate the remainder when r is divided by p.
9
Let o(j) = -j**2 - 22*j + 23. Let l be o(-22). Suppose -3*g - 3*q + 48 = 0, 3*q + 2*q = -2*g + l. Calculate the remainder when 70 is divided by g.
13
Let f be 130/(-39)*132/(-10). Suppose 4*n + 2*k = -2*k + f, 2*n = 5*k - 13. Calculate the remainder when 15 is divided by n.
3
Suppose -1 = 2*j + 3. Let u be (-1)/(j + (-1)/(-1)). Let m = 18 - u. What is the remainder when 49 is divided by m?
15
What is the remainder when 293 is divided by 4/(12/(-27))*(-32)/32?
5
Let t(w) = -w. Let j(z) = 4*z + 18. Let i(g) = -j(g) - t(g). What is the remainder when 129 is divided by i(-17)?
30
Suppose t + 217 = 3*l - 50, -2*l + 164 = 4*t. What is the remainder when l is divided by 9?
7
Suppose 4*b + 5992 = 3*j - 0*j, 3*b - 10035 = -5*j. Suppose -2*n - 10*n + j = 0. Calculate the remainder when n is divided by 19.
15
Suppose 6*s + 7*s - 78 = 0. Suppose -152 = -s*g + 2*g. What is the remainder when g is divided by 20?
18
Let a be (1 + (-1)/(-1))*2. Suppose -a*l + 410 = l. Calculate the remainder when l is divided by 12.
10
Let n be (1 + 3)/((-3)/3). Calculate the remainder when 0/(1/(n/8)) + 142 is divided by 13.
12
Suppose -j + 21 = 4*q + 4, 0 = -3*j + 5*q. Calculate the remainder when 87 is divided by j.
2
Let n = 17 + -13. What is the remainder when 57 is divided by 1 + n/(8/22)?
9
What is the remainder when 5192/77 - (-1 + 6/14) is divided by 15?
8
Let r = -118 - -130. Calculate the remainder when 40 is divided by r.
4
Suppose 4*q - 8*q + 64 = 0. Calculate the remainder when 68 is divided by q.
4
Let y be (0 - -1)/((-3)/30). Let l(q) = -q**2 - 11*q + 2. Let h be l(y). Suppose 0 = 2*a - h. What is the remainder when 23 is divided by a?
5
Let p be 86/30 - 12/(-90). Suppose 0 = j - p*x - 47 + 17, 4*j = -5*x + 103. Calculate the remainder when 73 is divided by j.
19
Let l(j) = j**3 + 12*j**2 - 90*j - 24. What is the remainder when l(-17) is divided by 13?
9
Let l(q) = -q + 34. Let m(t) = -t + 2. Let u be m(-13). What is the remainder when l(u) is divided by 10?
9
Suppose -6*u + 14 = u. Suppose z - 33 = -u*z. Suppose d - 2 = 2. Calculate the remainder when z is divided by d.
3
Let m(f) = f**2 - 6*f + 5. Let g be m(5). Suppose g*p + 20 = -5*y + 3*p, 0 = y + 5*p - 24. What is the remainder when (y + 2)*(61 + 5) is divided by 23?
20
Suppose -r - 27 = -2*r - 3*j, 5*r - 4*j - 135 = 0. What is the remainder when r is divided by 5?
2
Let r(f) = -f - 43. Let i(t) = -1. Let x(d) = 2*i(d) - r(d). Let k be x(0). Suppose -z + 10 = -k. Calculate the remainder when z is divided by 13.
12
Suppose -88 = -4*h + 60. Suppose 0*j = 5*z + j - 157, -3*j - 118 = -4*z. Let r = z - 18. What is the remainder when h is divided by r?
11
Suppose 0 = -6*k + k + 165. Let g(i) = -15*i + k*i + 2 - 9. What is the remainder when g(3) is divided by 12?
11
Let y(p) = 3*p - 9. Let c be y(9). Suppose -v + 3*h - 24 = -5*v, 0 = 3*v + 2*h - c. What is the remainder when 18 is divided by v?
0
Let q(d) = 30*d + 0*d**3 + 12 + d**3 - 11*d**2 - 42*d. Let f be q(12). Suppose f - 57 = -5*z. Calculate the remainder when z is divided by 2.
1
Suppose -4*i + 132 = c, 5*i - 4 = 11. What is the remainder when c is divided by 42?
36
Let m = -73 - -79. Let z = 2 + 4. Calculate the remainder when 2/1*27/z is divided by m.
3
Let s(d) = -10 - 2*d**2 + d**2 + 6*d**2 + 0*d - 3*d + d**3. What is the remainder when 9 is divided by s(-5)?
4
Suppose -3*m + 2 = -4. Suppose -5*i + o = -405, 0 = -m*o + 6*o - 20. Let y(x) = 2*x**2 + 3*x - 3. Calculate the remainder when i is divided by y(-4).
14
Let f = -985 - -1212. Calculate the remainder when f is divided by 11.
7
Suppose 0 = -4*v + 56 + 36. Let j be 3 - ((-4 - 152) + 2). Suppose -5*z = -2*f + j, z = 4*f + f - 335. Calculate the remainder when f is divided by v.
20
Suppose 1102 = -10*l + 48*l. Suppose -3*a + 29 = 2*o, 2*o + 4*a = -a + 27. What is the remainder when l is divided by o?
13
Suppose 6*o = -12*o + 1944. What is the remainder when o is divided by 19?
13
What is the remainder when 83 is divided by (-93)/3*(-5)/5?
21
Suppose 0 = 71*b - 16*b - 3135. Calculate the remainder when b is divided by 17.
6
Suppose 2*c - 5*c = 3*w + 3, -5*w - 2*c + 10 = 0. Suppose 0 = w*v - 51 + 35. Calculate the remainder when 15 is divided by v.
3
Suppose o - 3*z - 21 = -0*z, -2*o = -2*z - 46. Let m(x) = -2*x - 5. What is the remainder when o is divided by m(-6)?
3
Suppose 946 = 24*y + 19*y. What is the remainder when y is divided by 4?
2
Suppose 2*z = -2*z + 12. Suppose 0 = -3*n - 3, -k - 3*n - 22 = -2*n. What is the remainder when (-4)/14 - (-1)/(k/(-174)) is divided by z?
2
Let b be ((-14)/4)/((-5)/50). Suppose 0 = 3*w + 2*f - 40, 4*w + 5*f - b = 3*w. Let a = -1 + 4. What is the remainder when w is divided by a?
1
What is the remainder when ((-14592)/570)/((-1)/15) is divided by 35?
34
Let i be ((-8)/10)/(1/5). Let p be (-4)/(-8 - i - -2). Suppose -p*c = -3*y - 99, -5*c + 4*y + 251 = -0*c. What is the remainder when c is divided by 18?
15
Let f be ((-2)/(-5) - (-5163)/30)*-2. Let r = 491 + f. What is the remainder when r is divided by 50?
46
Let t(f) = f**2 + 6*f + 9. Let n be t(-5). Suppose -n*h - 2*c = c - 30, 0 = -c - 2. What is the remainder when 22 is divided by h?
4
Let z(f) = -9*f**3 + 88*f**2 + 21*f - 3. Let p(v) = v**2 + 7*v + 9. Calculate the remainder when p(-7) is divided by z(10).
2
Suppose 4*x - 114 = -2*f + 8*x, 25 = -5*x. What is the remainder when f is divided by 21?
5
Let k = -1953 + 2506. Calculate the remainder when k is divided b